e the remainder when 347833 is divided by 80.
73
What is the remainder when 1370 is divided by 571?
228
Calculate the remainder when 8598 is divided by 1717.
13
Calculate the remainder when 2918 is divided by 2291.
627
Calculate the remainder when 1555 is divided by 564.
427
Calculate the remainder when 2426 is divided by 150.
26
What is the remainder when 2323626 is divided by 11?
8
What is the remainder when 7030 is divided by 23?
15
Calculate the remainder when 3441 is divided by 661.
136
Calculate the remainder when 270 is divided by 197.
73
Calculate the remainder when 1989 is divided by 203.
162
What is the remainder when 123094 is divided by 423?
1
Calculate the remainder when 264879 is divided by 220.
219
What is the remainder when 134665 is divided by 661?
482
Calculate the remainder when 5699 is divided by 519.
509
What is the remainder when 39132 is divided by 230?
32
Calculate the remainder when 493408 is divided by 252.
244
Calculate the remainder when 1711918 is divided by 140.
138
Calculate the remainder when 1143047 is divided by 27879.
8
Calculate the remainder when 4438 is divided by 203.
175
What is the remainder when 26823 is divided by 559?
550
What is the remainder when 8177 is divided by 2504?
665
What is the remainder when 363129 is divided by 121041?
6
Calculate the remainder when 37942 is divided by 468.
34
Calculate the remainder when 164818 is divided by 268.
266
Calculate the remainder when 202 is divided by 140.
62
Calculate the remainder when 1956 is divided by 10.
6
Calculate the remainder when 423248 is divided by 54.
50
Calculate the remainder when 4260 is divided by 2126.
8
What is the remainder when 8738 is divided by 2909?
11
What is the remainder when 22589 is divided by 11281?
27
What is the remainder when 120 is divided by 47?
26
Calculate the remainder when 786 is divided by 229.
99
Calculate the remainder when 136841 is divided by 363.
353
Calculate the remainder when 20496 is divided by 1137.
30
What is the remainder when 41108 is divided by 20527?
54
Calculate the remainder when 5110 is divided by 47.
34
What is the remainder when 38847 is divided by 7759?
52
What is the remainder when 150854 is divided by 244?
62
Calculate the remainder when 191930 is divided by 10101.
11
What is the remainder when 219278 is divided by 483?
479
What is the remainder when 140827 is divided by 19?
18
What is the remainder when 7763 is divided by 1938?
11
What is the remainder when 146956 is divided by 525?
481
What is the remainder when 21321 is divided by 7106?
3
Calculate the remainder when 18751 is divided by 399.
397
Calculate the remainder when 24002 is divided by 135.
107
Calculate the remainder when 30654 is divided by 10215.
9
What is the remainder when 3104 is divided by 441?
17
Calculate the remainder when 761652 is divided by 89.
79
What is the remainder when 12427 is divided by 132?
19
What is the remainder when 20179 is divided by 361?
324
Calculate the remainder when 21554 is divided by 10769.
16
What is the remainder when 105401 is divided by 184?
153
What is the remainder when 8434 is divided by 525?
34
What is the remainder when 339 is divided by 82?
11
Calculate the remainder when 30307 is divided by 18.
13
Calculate the remainder when 55670 is divided by 480.
470
What is the remainder when 865 is divided by 35?
25
Calculate the remainder when 18348 is divided by 588.
120
What is the remainder when 18642 is divided by 2262?
546
What is the remainder when 10420 is divided by 401?
395
Calculate the remainder when 18286 is divided by 9138.
10
Calculate the remainder when 13879 is divided by 6629.
621
Calculate the remainder when 1501 is divided by 1495.
6
Calculate the remainder when 3137886 is divided by 494.
492
What is the remainder when 53084 is divided by 14?
10
Calculate the remainder when 62061 is divided by 144.
141
Calculate the remainder when 246609 is divided by 5246.
47
Calculate the remainder when 7882 is divided by 146.
144
What is the remainder when 21546 is divided by 3585?
36
What is the remainder when 25453 is divided by 51?
4
What is the remainder when 2099935 is divided by 361?
359
Calculate the remainder when 11963 is divided by 148.
123
Calculate the remainder when 1222607 is divided by 6113.
7
What is the remainder when 565 is divided by 158?
91
What is the remainder when 86612 is divided by 12?
8
What is the remainder when 39910 is divided by 462?
178
What is the remainder when 11227 is divided by 158?
9
What is the remainder when 8328 is divided by 2019?
252
Calculate the remainder when 1079 is divided by 392.
295
Calculate the remainder when 100267 is divided by 42.
13
Calculate the remainder when 5054735 is divided by 14.
7
Calculate the remainder when 1513 is divided by 384.
361
Calculate the remainder when 7046 is divided by 1302.
536
Calculate the remainder when 22825 is divided by 1862.
481
Calculate the remainder when 4491 is divided by 600.
291
What is the remainder when 91 is divided by 4?
3
What is the remainder when 197979 is divided by 38?
37
What is the remainder when 51862 is divided by 27?
22
Calculate the remainder when 40291 is divided by 303.
295
Calculate the remainder when 1118350 is divided by 13.
12
Calculate the remainder when 10590 is divided by 304.
254
What is the remainder when 27987 is divided by 4?
3
What is the remainder when 9134 is divided by 24?
14
Calculate the remainder when 6731 is divided by 445.
56
Calculate the remainder when 41288 is divided by 157.
154
Calculate the remainder when 111473 is divided by 563.
562
What is the remainder when 43186 is divided by 177?
175
Calculate the remainder when 3243 is divided by 34.
13
Calculate the remainder when 34783 is divided by 156.
151
What is the remainder when 5193 is divided by 40?
33
What is the remainder when 6670 is divided by 3?
1
What is the remainder when 3293 is divided by 235?
3
Calculate the remainder when 1402 is divided by 509.
384
What is the remainder when 1384012 is divided by 469?
462
What is the remainder when 42250 is divided by 23?
22
Calculate the remainder when 13288 is divided by 99.
22
What is the remainder when 11934 is divided by 11?
10
Calculate the remainder when 14062 is divided by 119.
20
Calculate the remainder when 544 is divided by 193.
158
Calculate the remainder when 3994 is divided by 21.
4
What is the remainder when 15827 is divided by 1974?
35
Calculate the remainder when 169792 is divided by 119.
98
Calculate the remainder when 7860 is divided by 1280.
180
What is the remainder when 36099 is divided by 118?
109
What is the remainder when 25912 is divided by 764?
700
What is the remainder when 8920 is divided by 991?
1
What is the remainder when 878 is divided by 286?
20
What is the remainder when 11343 is divided by 172?
163
Calculate the remainder when 25882 is divided by 12934.
14
What is the remainder when 8565 is divided by 298?
221
Calculate the remainder when 86904 is divided by 29.
20
Calculate the remainder when 5491 is divided by 399.
304
Calculate the remainder when 1642 is divided by 148.
14
Calculate the remainder when 44228 is divided by 71.
66
What is the remainder when 4820 is divided by 1202?
12
Calculate the remainder when 428832 is divided by 7.
5
Calculate the remainder when 94879 is divided by 31626.
1
What is the remainder when 2319 is divided by 128?
15
Calculate the remainder when 3323 is divided by 114.
17
What is the remainder when 3409 is divided by 7?
0
Calculate the remainder when 29062 is divided by 519.
517
What is the remainder when 106223 is divided by 4?
3
What is the remainder when 21871 is divided by 81?
1
What is the remainder when 1487684 is divided by 205?
204
What is the remainder when 1471717 is divided by 735846?
25
Calculate the remainder when 141592 is divided by 6.
4
What is the remainder when 6111 is divided by 388?
291
Calculate the remainder when 1765674 is divided by 15.
9
Calculate the remainder when 220860 is divided by 356.
140
What is the remainder when 1815 is divided by 1756?
59
What is the remainder when 796921 is divided by 334?
331
What is the remainder when 1009074 is divided by 45?
39
What is the remainder when 902156 is divided by 360?
356
Calculate the remainder when 3399 is divided by 3317.
82